{"id":46352,"date":"2026-04-27T11:01:23","date_gmt":"2026-04-27T09:01:23","guid":{"rendered":"https:\/\/segimo.ch\/Propri\u00e9t\u00e9\/1739897en-bureau-a-louer-pour-architecte\/"},"modified":"2026-05-02T07:25:07","modified_gmt":"2026-05-02T05:25:07","slug":"1739897en-bureau-a-louer-pour-architecte","status":"publish","type":"casawp_property","link":"https:\/\/segimo.ch\/en\/Propri\u00e9t\u00e9\/1739897en-bureau-a-louer-pour-architecte\/","title":{"rendered":"Bureau \u00e0 louer pour architecte"},"content":{"rendered":"<p>35 m2 de locaux \u00e0 votre disposition et enti\u00e8rement r\u00e9nov\u00e9s.\u00a0<\/p>\n<p>Prix : CHF 2&#8217;500.- tous inclus<\/p>\n<p>Contactez-nous pour une visite\u00a0<br \/>SEGIMO SA<br \/>022 794 45 30<\/p>\n","protected":false},"excerpt":{"rendered":"<p>35 m2 de locaux \u00e0 votre disposition et enti\u00e8rement r\u00e9nov\u00e9s.\u00a0 Prix : CHF 2&#8217;500.- tous inclus Contactez-nous pour une visite\u00a0SEGIMO SA022 794 45 30<\/p>\n","protected":false},"author":0,"featured_media":46355,"parent":0,"menu_order":15,"comment_status":"closed","ping_status":"closed","template":"","meta":{"_et_pb_use_builder":"","_et_pb_old_content":"","_et_gb_content_width":"","footnotes":""},"casawp_category":[137],"casawp_feature":[92,126],"casawp_utility":[100],"casawp_location":[59,60,73],"casawp_salestype":[99],"casawp_availability":[58],"casawp_region":[],"class_list":["post-46352","casawp_property","type-casawp_property","status-publish","has-post-thumbnail","hentry","casawp_category-office","casawp_feature-is-ground-floor","casawp_feature-is-new","casawp_utility-commercial","casawp_location-country_ch","casawp_location-region_ge","casawp_location-locality_geneve","casawp_salestype-rent","casawp_availability-active"],"yoast_head":"<!-- This site is optimized with the Yoast SEO plugin v27.4 - https:\/\/yoast.com\/product\/yoast-seo-wordpress\/ -->\n<title>Bureau \u00e0 louer pour architecte - Segimo<\/title>\n<meta name=\"robots\" content=\"index, follow, max-snippet:-1, max-image-preview:large, max-video-preview:-1\" \/>\n<link rel=\"canonical\" href=\"https:\/\/segimo.ch\/en\/Propri\u00e9t\u00e9\/1739897en-bureau-a-louer-pour-architecte\/\" \/>\n<meta property=\"og:locale\" content=\"en_US\" \/>\n<meta property=\"og:type\" content=\"article\" \/>\n<meta property=\"og:title\" content=\"Bureau \u00e0 louer pour architecte - Segimo\" \/>\n<meta property=\"og:description\" content=\"35 m2 de locaux \u00e0 votre disposition et enti\u00e8rement r\u00e9nov\u00e9s.\u00a0 Prix : CHF 2&#8217;500.- tous inclus Contactez-nous pour une visite\u00a0SEGIMO SA022 794 45 30\" \/>\n<meta property=\"og:url\" content=\"https:\/\/segimo.ch\/en\/Propri\u00e9t\u00e9\/1739897en-bureau-a-louer-pour-architecte\/\" \/>\n<meta property=\"og:site_name\" content=\"Segimo\" \/>\n<meta property=\"article:modified_time\" content=\"2026-05-02T05:25:07+00:00\" \/>\n<meta property=\"og:image\" content=\"https:\/\/segimo.ch\/wp-content\/uploads\/2020\/12\/elegant-vintage-livingroom-P26VCK5-min-e1608155848757.jpg\" \/>\n\t<meta property=\"og:image:width\" content=\"1980\" \/>\n\t<meta property=\"og:image:height\" content=\"1133\" \/>\n\t<meta property=\"og:image:type\" content=\"image\/jpeg\" \/>\n<meta name=\"twitter:card\" content=\"summary_large_image\" \/>\n<script type=\"application\/ld+json\" class=\"yoast-schema-graph\">{\"@context\":\"https:\\\/\\\/schema.org\",\"@graph\":[{\"@type\":\"WebPage\",\"@id\":\"https:\\\/\\\/segimo.ch\\\/en\\\/Propri\u00e9t\u00e9\\\/1739897en-bureau-a-louer-pour-architecte\\\/\",\"url\":\"https:\\\/\\\/segimo.ch\\\/en\\\/Propri\u00e9t\u00e9\\\/1739897en-bureau-a-louer-pour-architecte\\\/\",\"name\":\"Bureau \u00e0 louer pour architecte - Segimo\",\"isPartOf\":{\"@id\":\"https:\\\/\\\/segimo.ch\\\/en\\\/#website\"},\"primaryImageOfPage\":{\"@id\":\"https:\\\/\\\/segimo.ch\\\/en\\\/Propri\u00e9t\u00e9\\\/1739897en-bureau-a-louer-pour-architecte\\\/#primaryimage\"},\"image\":{\"@id\":\"https:\\\/\\\/segimo.ch\\\/en\\\/Propri\u00e9t\u00e9\\\/1739897en-bureau-a-louer-pour-architecte\\\/#primaryimage\"},\"thumbnailUrl\":\"https:\\\/\\\/cdn.casasoft.com\\\/media\\\/provider-13856\\\/property-1728223\\\/5d56a5f96406952ec4cdc6ff1d3a1c6c.jpeg?p=xl\",\"datePublished\":\"2026-04-27T09:01:23+00:00\",\"dateModified\":\"2026-05-02T05:25:07+00:00\",\"breadcrumb\":{\"@id\":\"https:\\\/\\\/segimo.ch\\\/en\\\/Propri\u00e9t\u00e9\\\/1739897en-bureau-a-louer-pour-architecte\\\/#breadcrumb\"},\"inLanguage\":\"en-US\",\"potentialAction\":[{\"@type\":\"ReadAction\",\"target\":[\"https:\\\/\\\/segimo.ch\\\/en\\\/Propri\u00e9t\u00e9\\\/1739897en-bureau-a-louer-pour-architecte\\\/\"]}]},{\"@type\":\"ImageObject\",\"inLanguage\":\"en-US\",\"@id\":\"https:\\\/\\\/segimo.ch\\\/en\\\/Propri\u00e9t\u00e9\\\/1739897en-bureau-a-louer-pour-architecte\\\/#primaryimage\",\"url\":\"https:\\\/\\\/cdn.casasoft.com\\\/media\\\/provider-13856\\\/property-1728223\\\/5d56a5f96406952ec4cdc6ff1d3a1c6c.jpeg?p=xl\",\"contentUrl\":\"https:\\\/\\\/cdn.casasoft.com\\\/media\\\/provider-13856\\\/property-1728223\\\/5d56a5f96406952ec4cdc6ff1d3a1c6c.jpeg?p=xl\"},{\"@type\":\"BreadcrumbList\",\"@id\":\"https:\\\/\\\/segimo.ch\\\/en\\\/Propri\u00e9t\u00e9\\\/1739897en-bureau-a-louer-pour-architecte\\\/#breadcrumb\",\"itemListElement\":[{\"@type\":\"ListItem\",\"position\":1,\"name\":\"Accueil\",\"item\":\"https:\\\/\\\/segimo.ch\\\/en\\\/\"},{\"@type\":\"ListItem\",\"position\":2,\"name\":\"Properties\",\"item\":\"https:\\\/\\\/segimo.ch\\\/en\\\/Propri\u00e9t\u00e9\\\/\"},{\"@type\":\"ListItem\",\"position\":3,\"name\":\"Bureau \u00e0 louer pour architecte\"}]},{\"@type\":\"WebSite\",\"@id\":\"https:\\\/\\\/segimo.ch\\\/en\\\/#website\",\"url\":\"https:\\\/\\\/segimo.ch\\\/en\\\/\",\"name\":\"Segimo\",\"description\":\"Groupe Immobilier Gen\u00e8ve - Vaud - Fribourg - Valais\",\"publisher\":{\"@id\":\"https:\\\/\\\/segimo.ch\\\/en\\\/#organization\"},\"potentialAction\":[{\"@type\":\"SearchAction\",\"target\":{\"@type\":\"EntryPoint\",\"urlTemplate\":\"https:\\\/\\\/segimo.ch\\\/en\\\/?s={search_term_string}\"},\"query-input\":{\"@type\":\"PropertyValueSpecification\",\"valueRequired\":true,\"valueName\":\"search_term_string\"}}],\"inLanguage\":\"en-US\"},{\"@type\":\"Organization\",\"@id\":\"https:\\\/\\\/segimo.ch\\\/en\\\/#organization\",\"name\":\"Segimo - Groupe immobilier\",\"url\":\"https:\\\/\\\/segimo.ch\\\/en\\\/\",\"logo\":{\"@type\":\"ImageObject\",\"inLanguage\":\"en-US\",\"@id\":\"https:\\\/\\\/segimo.ch\\\/en\\\/#\\\/schema\\\/logo\\\/image\\\/\",\"url\":\"https:\\\/\\\/segimo.ch\\\/wp-content\\\/uploads\\\/2021\\\/02\\\/logo-segimo.png\",\"contentUrl\":\"https:\\\/\\\/segimo.ch\\\/wp-content\\\/uploads\\\/2021\\\/02\\\/logo-segimo.png\",\"width\":600,\"height\":600,\"caption\":\"Segimo - Groupe immobilier\"},\"image\":{\"@id\":\"https:\\\/\\\/segimo.ch\\\/en\\\/#\\\/schema\\\/logo\\\/image\\\/\"}}]}<\/script>\n<!-- \/ Yoast SEO plugin. -->","yoast_head_json":{"title":"Bureau \u00e0 louer pour architecte - Segimo","robots":{"index":"index","follow":"follow","max-snippet":"max-snippet:-1","max-image-preview":"max-image-preview:large","max-video-preview":"max-video-preview:-1"},"canonical":"https:\/\/segimo.ch\/en\/Propri\u00e9t\u00e9\/1739897en-bureau-a-louer-pour-architecte\/","og_locale":"en_US","og_type":"article","og_title":"Bureau \u00e0 louer pour architecte - Segimo","og_description":"35 m2 de locaux \u00e0 votre disposition et enti\u00e8rement r\u00e9nov\u00e9s.\u00a0 Prix : CHF 2&#8217;500.- tous inclus Contactez-nous pour une visite\u00a0SEGIMO SA022 794 45 30","og_url":"https:\/\/segimo.ch\/en\/Propri\u00e9t\u00e9\/1739897en-bureau-a-louer-pour-architecte\/","og_site_name":"Segimo","article_modified_time":"2026-05-02T05:25:07+00:00","og_image":[{"width":1980,"height":1133,"url":"https:\/\/segimo.ch\/wp-content\/uploads\/2020\/12\/elegant-vintage-livingroom-P26VCK5-min-e1608155848757.jpg","type":"image\/jpeg"}],"twitter_card":"summary_large_image","schema":{"@context":"https:\/\/schema.org","@graph":[{"@type":"WebPage","@id":"https:\/\/segimo.ch\/en\/Propri\u00e9t\u00e9\/1739897en-bureau-a-louer-pour-architecte\/","url":"https:\/\/segimo.ch\/en\/Propri\u00e9t\u00e9\/1739897en-bureau-a-louer-pour-architecte\/","name":"Bureau \u00e0 louer pour architecte - Segimo","isPartOf":{"@id":"https:\/\/segimo.ch\/en\/#website"},"primaryImageOfPage":{"@id":"https:\/\/segimo.ch\/en\/Propri\u00e9t\u00e9\/1739897en-bureau-a-louer-pour-architecte\/#primaryimage"},"image":{"@id":"https:\/\/segimo.ch\/en\/Propri\u00e9t\u00e9\/1739897en-bureau-a-louer-pour-architecte\/#primaryimage"},"thumbnailUrl":"https:\/\/cdn.casasoft.com\/media\/provider-13856\/property-1728223\/5d56a5f96406952ec4cdc6ff1d3a1c6c.jpeg?p=xl","datePublished":"2026-04-27T09:01:23+00:00","dateModified":"2026-05-02T05:25:07+00:00","breadcrumb":{"@id":"https:\/\/segimo.ch\/en\/Propri\u00e9t\u00e9\/1739897en-bureau-a-louer-pour-architecte\/#breadcrumb"},"inLanguage":"en-US","potentialAction":[{"@type":"ReadAction","target":["https:\/\/segimo.ch\/en\/Propri\u00e9t\u00e9\/1739897en-bureau-a-louer-pour-architecte\/"]}]},{"@type":"ImageObject","inLanguage":"en-US","@id":"https:\/\/segimo.ch\/en\/Propri\u00e9t\u00e9\/1739897en-bureau-a-louer-pour-architecte\/#primaryimage","url":"https:\/\/cdn.casasoft.com\/media\/provider-13856\/property-1728223\/5d56a5f96406952ec4cdc6ff1d3a1c6c.jpeg?p=xl","contentUrl":"https:\/\/cdn.casasoft.com\/media\/provider-13856\/property-1728223\/5d56a5f96406952ec4cdc6ff1d3a1c6c.jpeg?p=xl"},{"@type":"BreadcrumbList","@id":"https:\/\/segimo.ch\/en\/Propri\u00e9t\u00e9\/1739897en-bureau-a-louer-pour-architecte\/#breadcrumb","itemListElement":[{"@type":"ListItem","position":1,"name":"Accueil","item":"https:\/\/segimo.ch\/en\/"},{"@type":"ListItem","position":2,"name":"Properties","item":"https:\/\/segimo.ch\/en\/Propri\u00e9t\u00e9\/"},{"@type":"ListItem","position":3,"name":"Bureau \u00e0 louer pour architecte"}]},{"@type":"WebSite","@id":"https:\/\/segimo.ch\/en\/#website","url":"https:\/\/segimo.ch\/en\/","name":"Segimo","description":"Groupe Immobilier Gen\u00e8ve - Vaud - Fribourg - Valais","publisher":{"@id":"https:\/\/segimo.ch\/en\/#organization"},"potentialAction":[{"@type":"SearchAction","target":{"@type":"EntryPoint","urlTemplate":"https:\/\/segimo.ch\/en\/?s={search_term_string}"},"query-input":{"@type":"PropertyValueSpecification","valueRequired":true,"valueName":"search_term_string"}}],"inLanguage":"en-US"},{"@type":"Organization","@id":"https:\/\/segimo.ch\/en\/#organization","name":"Segimo - Groupe immobilier","url":"https:\/\/segimo.ch\/en\/","logo":{"@type":"ImageObject","inLanguage":"en-US","@id":"https:\/\/segimo.ch\/en\/#\/schema\/logo\/image\/","url":"https:\/\/segimo.ch\/wp-content\/uploads\/2021\/02\/logo-segimo.png","contentUrl":"https:\/\/segimo.ch\/wp-content\/uploads\/2021\/02\/logo-segimo.png","width":600,"height":600,"caption":"Segimo - Groupe immobilier"},"image":{"@id":"https:\/\/segimo.ch\/en\/#\/schema\/logo\/image\/"}}]}},"_links":{"self":[{"href":"https:\/\/segimo.ch\/en\/wp-json\/wp\/v2\/casawp_property\/46352","targetHints":{"allow":["GET"]}}],"collection":[{"href":"https:\/\/segimo.ch\/en\/wp-json\/wp\/v2\/casawp_property"}],"about":[{"href":"https:\/\/segimo.ch\/en\/wp-json\/wp\/v2\/types\/casawp_property"}],"replies":[{"embeddable":true,"href":"https:\/\/segimo.ch\/en\/wp-json\/wp\/v2\/comments?post=46352"}],"version-history":[{"count":2,"href":"https:\/\/segimo.ch\/en\/wp-json\/wp\/v2\/casawp_property\/46352\/revisions"}],"predecessor-version":[{"id":46354,"href":"https:\/\/segimo.ch\/en\/wp-json\/wp\/v2\/casawp_property\/46352\/revisions\/46354"}],"wp:featuredmedia":[{"embeddable":true,"href":"https:\/\/segimo.ch\/en\/wp-json\/wp\/v2\/media\/46355"}],"wp:attachment":[{"href":"https:\/\/segimo.ch\/en\/wp-json\/wp\/v2\/media?parent=46352"}],"wp:term":[{"taxonomy":"casawp_category","embeddable":true,"href":"https:\/\/segimo.ch\/en\/wp-json\/wp\/v2\/casawp_category?post=46352"},{"taxonomy":"casawp_feature","embeddable":true,"href":"https:\/\/segimo.ch\/en\/wp-json\/wp\/v2\/casawp_feature?post=46352"},{"taxonomy":"casawp_utility","embeddable":true,"href":"https:\/\/segimo.ch\/en\/wp-json\/wp\/v2\/casawp_utility?post=46352"},{"taxonomy":"casawp_location","embeddable":true,"href":"https:\/\/segimo.ch\/en\/wp-json\/wp\/v2\/casawp_location?post=46352"},{"taxonomy":"casawp_salestype","embeddable":true,"href":"https:\/\/segimo.ch\/en\/wp-json\/wp\/v2\/casawp_salestype?post=46352"},{"taxonomy":"casawp_availability","embeddable":true,"href":"https:\/\/segimo.ch\/en\/wp-json\/wp\/v2\/casawp_availability?post=46352"},{"taxonomy":"casawp_region","embeddable":true,"href":"https:\/\/segimo.ch\/en\/wp-json\/wp\/v2\/casawp_region?post=46352"}],"curies":[{"name":"wp","href":"https:\/\/api.w.org\/{rel}","templated":true}]}}

https://segimo.ch/Propriété/1739897en-bureau-a-louer-pour-architecte/

https://segimo.ch/en/Propriété/1739897en-bureau-a-louer-pour-architecte/

Bureau à louer pour architecte

<p>35 m2 de locaux à votre disposition et entièrement rénovés. </p>
<p>Prix : CHF 2&#8217;500.- tous inclus</p>
<p>Contactez-nous pour une visite <br />SEGIMO SA<br />022 794 45 30</p>

<p>35 m2 de locaux à votre disposition et entièrement rénovés.  Prix : CHF 2&#8217;500.- tous inclus Contactez-nous pour une visite SEGIMO SA022 794 45 30</p>

<!-- This site is optimized with the Yoast SEO plugin v27.4 - https://yoast.com/product/yoast-seo-wordpress/ -->
<title>Bureau à louer pour architecte - Segimo</title>
<meta name="robots" content="index, follow, max-snippet:-1, max-image-preview:large, max-video-preview:-1" />
<link rel="canonical" href="https://segimo.ch/en/Propriété/1739897en-bureau-a-louer-pour-architecte/" />
<meta property="og:locale" content="en_US" />
<meta property="og:type" content="article" />
<meta property="og:title" content="Bureau à louer pour architecte - Segimo" />
<meta property="og:description" content="35 m2 de locaux à votre disposition et entièrement rénovés.  Prix : CHF 2&#8217;500.- tous inclus Contactez-nous pour une visite SEGIMO SA022 794 45 30" />
<meta property="og:url" content="https://segimo.ch/en/Propriété/1739897en-bureau-a-louer-pour-architecte/" />
<meta property="og:site_name" content="Segimo" />
<meta property="article:modified_time" content="2026-05-02T05:25:07+00:00" />
<meta property="og:image" content="https://segimo.ch/wp-content/uploads/2020/12/elegant-vintage-livingroom-P26VCK5-min-e1608155848757.jpg" />
	<meta property="og:image:width" content="1980" />
	<meta property="og:image:height" content="1133" />
	<meta property="og:image:type" content="image/jpeg" />
<meta name="twitter:card" content="summary_large_image" />
<script type="application/ld+json" class="yoast-schema-graph">{"@context":"https:\/\/schema.org","@graph":[{"@type":"WebPage","@id":"https:\/\/segimo.ch\/en\/Propriété\/1739897en-bureau-a-louer-pour-architecte\/","url":"https:\/\/segimo.ch\/en\/Propriété\/1739897en-bureau-a-louer-pour-architecte\/","name":"Bureau à louer pour architecte - Segimo","isPartOf":{"@id":"https:\/\/segimo.ch\/en\/#website"},"primaryImageOfPage":{"@id":"https:\/\/segimo.ch\/en\/Propriété\/1739897en-bureau-a-louer-pour-architecte\/#primaryimage"},"image":{"@id":"https:\/\/segimo.ch\/en\/Propriété\/1739897en-bureau-a-louer-pour-architecte\/#primaryimage"},"thumbnailUrl":"https:\/\/cdn.casasoft.com\/media\/provider-13856\/property-1728223\/5d56a5f96406952ec4cdc6ff1d3a1c6c.jpeg?p=xl","datePublished":"2026-04-27T09:01:23+00:00","dateModified":"2026-05-02T05:25:07+00:00","breadcrumb":{"@id":"https:\/\/segimo.ch\/en\/Propriété\/1739897en-bureau-a-louer-pour-architecte\/#breadcrumb"},"inLanguage":"en-US","potentialAction":[{"@type":"ReadAction","target":["https:\/\/segimo.ch\/en\/Propriété\/1739897en-bureau-a-louer-pour-architecte\/"]}]},{"@type":"ImageObject","inLanguage":"en-US","@id":"https:\/\/segimo.ch\/en\/Propriété\/1739897en-bureau-a-louer-pour-architecte\/#primaryimage","url":"https:\/\/cdn.casasoft.com\/media\/provider-13856\/property-1728223\/5d56a5f96406952ec4cdc6ff1d3a1c6c.jpeg?p=xl","contentUrl":"https:\/\/cdn.casasoft.com\/media\/provider-13856\/property-1728223\/5d56a5f96406952ec4cdc6ff1d3a1c6c.jpeg?p=xl"},{"@type":"BreadcrumbList","@id":"https:\/\/segimo.ch\/en\/Propriété\/1739897en-bureau-a-louer-pour-architecte\/#breadcrumb","itemListElement":[{"@type":"ListItem","position":1,"name":"Accueil","item":"https:\/\/segimo.ch\/en\/"},{"@type":"ListItem","position":2,"name":"Properties","item":"https:\/\/segimo.ch\/en\/Propriété\/"},{"@type":"ListItem","position":3,"name":"Bureau à louer pour architecte"}]},{"@type":"WebSite","@id":"https:\/\/segimo.ch\/en\/#website","url":"https:\/\/segimo.ch\/en\/","name":"Segimo","description":"Groupe Immobilier Genève - Vaud - Fribourg - Valais","publisher":{"@id":"https:\/\/segimo.ch\/en\/#organization"},"potentialAction":[{"@type":"SearchAction","target":{"@type":"EntryPoint","urlTemplate":"https:\/\/segimo.ch\/en\/?s={search_term_string}"},"query-input":{"@type":"PropertyValueSpecification","valueRequired":true,"valueName":"search_term_string"}}],"inLanguage":"en-US"},{"@type":"Organization","@id":"https:\/\/segimo.ch\/en\/#organization","name":"Segimo - Groupe immobilier","url":"https:\/\/segimo.ch\/en\/","logo":{"@type":"ImageObject","inLanguage":"en-US","@id":"https:\/\/segimo.ch\/en\/#\/schema\/logo\/image\/","url":"https:\/\/segimo.ch\/wp-content\/uploads\/2021\/02\/logo-segimo.png","contentUrl":"https:\/\/segimo.ch\/wp-content\/uploads\/2021\/02\/logo-segimo.png","width":600,"height":600,"caption":"Segimo - Groupe immobilier"},"image":{"@id":"https:\/\/segimo.ch\/en\/#\/schema\/logo\/image\/"}}]}</script>
<!-- / Yoast SEO plugin. -->

Bureau à louer pour architecte - Segimo

35 m2 de locaux à votre disposition et entièrement rénovés.  Prix : CHF 2&#8217;500.- tous inclus Contactez-nous pour une visite SEGIMO SA022 794 45 30

https://segimo.ch/en/Propriété/1739897en-bureau-a-louer-pour-architecte/#primaryimage

https://segimo.ch/en/Propriété/1739897en-bureau-a-louer-pour-architecte/#breadcrumb

https://segimo.ch/en/Propriété/

Groupe Immobilier Genève - Vaud - Fribourg - Valais
